{"id":5004,"date":"2025-12-01T15:50:24","date_gmt":"2025-12-01T14:50:24","guid":{"rendered":"https:\/\/letstransports.com\/?page_id=5004"},"modified":"2025-12-02T14:50:19","modified_gmt":"2025-12-02T13:50:19","slug":"recyclage-beton","status":"publish","type":"page","link":"https:\/\/letstransports.com\/index.php\/recyclage-beton\/","title":{"rendered":"Recyclage Beton"},"content":{"rendered":"<h1>Acquisition d\u2019un concasseur b\u00e9ton et roche mi-dure cofinanc\u00e9 par l\u2019Union Europ\u00e9enne<\/h1>\n<p>En 2025, LETS a&nbsp;investi, gr\u00e2ce au co-financement de l\u2019Union Europ\u00e9enne, dans une concasseur b\u00e9ton \u00e0&nbsp;percussion mobile.<\/p>\n<p>Cet engin dispose d\u2019une plage d\u2019utilisation large, allant des applications de recyclage les plus vari\u00e9es comme le traitement du b\u00e9ton, des gravats et de l\u2019asphalte, au traitement de la roche tendre \u00e0&nbsp;mi-dure. Cela permet de r\u00e9duire les d\u00e9chets inertes issus des chantiers de BTP afin de leur donner une seconde vie et de les r\u00e9utiliser sur ces m\u00eames chantiers. Il propose un produit final de tr\u00e8s bonne qualit\u00e9 (fiche produit disponible \u00e0&nbsp;la demande).<\/p>\n<h2><img decoding=\"async\" class=\"alignnone size-medium wp-image-5008 lazyload\" data-src=\"https:\/\/letstransports.com\/wp-content\/uploads\/2025\/12\/IMG_3666-300x200.jpg\" alt=\"Concasseur Kleeman\" width=\"300\" height=\"200\" data-srcset=\"https:\/\/letstransports.com\/wp-content\/uploads\/2025\/12\/IMG_3666-300x200.jpg 300w, https:\/\/letstransports.com\/wp-content\/uploads\/2025\/12\/IMG_3666-1024x682.jpg 1024w, https:\/\/letstransports.com\/wp-content\/uploads\/2025\/12\/IMG_3666-768x512.jpg 768w, https:\/\/letstransports.com\/wp-content\/uploads\/2025\/12\/IMG_3666-1536x1024.jpg 1536w, https:\/\/letstransports.com\/wp-content\/uploads\/2025\/12\/IMG_3666-900x600.jpg 900w, https:\/\/letstransports.com\/wp-content\/uploads\/2025\/12\/IMG_3666.jpg 2000w\" data-sizes=\"(max-width: 300px) 100vw, 300px\" src=\"data:image\/svg+xml;base64,PHN2ZyB3aWR0aD0iMSIgaGVpZ2h0PSIxIiB4bWxucz0iaHR0cDovL3d3dy53My5vcmcvMjAwMC9zdmciPjwvc3ZnPg==\" style=\"--smush-placeholder-width: 300px; --smush-placeholder-aspect-ratio: 300\/200;\"> <img decoding=\"async\" class=\"size-medium wp-image-5006 lazyload\" style=\"--smush-placeholder-width: 300px; --smush-placeholder-aspect-ratio: 300\/200;font-size: 16px;\" data-src=\"https:\/\/letstransports.com\/wp-content\/uploads\/2025\/12\/IMG_3662-300x200.jpg\" alt=\"Concasseur \u00e0 b\u00e9ton mobile LETS cofinanc\u00e9 par les fonds europ\u00e9ens\" width=\"300\" height=\"200\" data-srcset=\"https:\/\/letstransports.com\/wp-content\/uploads\/2025\/12\/IMG_3662-300x200.jpg 300w, https:\/\/letstransports.com\/wp-content\/uploads\/2025\/12\/IMG_3662-1024x682.jpg 1024w, https:\/\/letstransports.com\/wp-content\/uploads\/2025\/12\/IMG_3662-768x512.jpg 768w, https:\/\/letstransports.com\/wp-content\/uploads\/2025\/12\/IMG_3662-1536x1024.jpg 1536w, https:\/\/letstransports.com\/wp-content\/uploads\/2025\/12\/IMG_3662-900x600.jpg 900w, https:\/\/letstransports.com\/wp-content\/uploads\/2025\/12\/IMG_3662.jpg 2000w\" data-sizes=\"(max-width: 300px) 100vw, 300px\" src=\"data:image\/svg+xml;base64,PHN2ZyB3aWR0aD0iMSIgaGVpZ2h0PSIxIiB4bWxucz0iaHR0cDovL3d3dy53My5vcmcvMjAwMC9zdmciPjwvc3ZnPg==\"> <img decoding=\"async\" class=\"alignnone size-medium wp-image-5009 lazyload\" data-src=\"https:\/\/letstransports.com\/wp-content\/uploads\/2025\/12\/IMG_3677-300x200.jpg\" alt width=\"300\" height=\"200\" data-srcset=\"https:\/\/letstransports.com\/wp-content\/uploads\/2025\/12\/IMG_3677-300x200.jpg 300w, https:\/\/letstransports.com\/wp-content\/uploads\/2025\/12\/IMG_3677-1024x682.jpg 1024w, https:\/\/letstransports.com\/wp-content\/uploads\/2025\/12\/IMG_3677-768x512.jpg 768w, https:\/\/letstransports.com\/wp-content\/uploads\/2025\/12\/IMG_3677-1536x1024.jpg 1536w, https:\/\/letstransports.com\/wp-content\/uploads\/2025\/12\/IMG_3677-900x600.jpg 900w, https:\/\/letstransports.com\/wp-content\/uploads\/2025\/12\/IMG_3677.jpg 2000w\" data-sizes=\"(max-width: 300px) 100vw, 300px\" src=\"data:image\/svg+xml;base64,PHN2ZyB3aWR0aD0iMSIgaGVpZ2h0PSIxIiB4bWxucz0iaHR0cDovL3d3dy53My5vcmcvMjAwMC9zdmciPjwvc3ZnPg==\" style=\"--smush-placeholder-width: 300px; --smush-placeholder-aspect-ratio: 300\/200;\"><\/h2>\n<h2>Environnement<\/h2>\n<ul class=\"list list--icon\">\n<li class=\"list__item\">\n<div class=\"list__item__wrapper\">Fonctionnement local z\u00e9ro \u00e9mission par alimentation externe avec le concept d\u2019entra\u00eenement E-DRIVE, pour une meilleure durabilit\u00e9<\/div>\n<\/li>\n<li class=\"list__item\">\n<div class=\"list__item__wrapper\">R\u00e9duction de la poussi\u00e8re par projection d\u2019eau pour prot\u00e9ger l\u2019op\u00e9rateur et l\u2019environnement de toutes les sources de poussi\u00e8re potentielles<\/div>\n<\/li>\n<\/ul>\n<div class=\"modal-header\">\n<h2 class=\"modal-title\">S\u00e9parateur magn\u00e9tique<\/h2>\n<\/div>\n<div class=\"modal-body\">\n<div class=\"modal-body-inner\">\n<ul class=\"list list--icon\">\n<li class=\"list__item\">\n<div class=\"list__item__wrapper\">Aimant permanent efficace pour une meilleure qualit\u00e9 du produit final et une capacit\u00e9 de production \u00e9lev\u00e9e<\/div>\n<\/li>\n<li class=\"list__item\">\n<div class=\"list__item__wrapper\">Accrochage flexible sur des cha\u00eenes, peut \u00eatre r\u00e9gl\u00e9 individuellement dans l\u2019inclinaison transversale et longitudinale<\/div>\n<\/li>\n<li class=\"list__item\">\n<div class=\"list__item__wrapper\">Possibilit\u00e9 de soul\u00e8vement et d\u2019abaissement hydraulique par radio pour r\u00e9action rapide aux bourrages de mat\u00e9riaux<\/div>\n<\/li>\n<\/ul>\n<h2><img decoding=\"async\" class=\"alignnone size-medium wp-image-5014 lazyload\" data-src=\"https:\/\/letstransports.com\/wp-content\/uploads\/2025\/12\/IMG_3733-300x300.jpg\" alt width=\"300\" height=\"300\" data-srcset=\"https:\/\/letstransports.com\/wp-content\/uploads\/2025\/12\/IMG_3733-300x300.jpg 300w, https:\/\/letstransports.com\/wp-content\/uploads\/2025\/12\/IMG_3733-1024x1024.jpg 1024w, https:\/\/letstransports.com\/wp-content\/uploads\/2025\/12\/IMG_3733-150x150.jpg 150w, https:\/\/letstransports.com\/wp-content\/uploads\/2025\/12\/IMG_3733-768x768.jpg 768w, https:\/\/letstransports.com\/wp-content\/uploads\/2025\/12\/IMG_3733-1536x1536.jpg 1536w, https:\/\/letstransports.com\/wp-content\/uploads\/2025\/12\/IMG_3733-100x100.jpg 100w, https:\/\/letstransports.com\/wp-content\/uploads\/2025\/12\/IMG_3733-140x140.jpg 140w, https:\/\/letstransports.com\/wp-content\/uploads\/2025\/12\/IMG_3733-500x500.jpg 500w, https:\/\/letstransports.com\/wp-content\/uploads\/2025\/12\/IMG_3733-350x350.jpg 350w, https:\/\/letstransports.com\/wp-content\/uploads\/2025\/12\/IMG_3733-1000x1000.jpg 1000w, https:\/\/letstransports.com\/wp-content\/uploads\/2025\/12\/IMG_3733-800x800.jpg 800w, https:\/\/letstransports.com\/wp-content\/uploads\/2025\/12\/IMG_3733.jpg 2000w\" data-sizes=\"(max-width: 300px) 100vw, 300px\" src=\"data:image\/svg+xml;base64,PHN2ZyB3aWR0aD0iMSIgaGVpZ2h0PSIxIiB4bWxucz0iaHR0cDovL3d3dy53My5vcmcvMjAwMC9zdmciPjwvc3ZnPg==\" style=\"--smush-placeholder-width: 300px; --smush-placeholder-aspect-ratio: 300\/300;\"><\/h2>\n<h2>S\u00e9parateur \u00e0&nbsp;air<\/h2>\n<ul>\n<li>Le s\u00e9parateur \u00e0&nbsp;air pour le nettoyage des produits surclass\u00e9s veille \u00e0&nbsp;une meilleure qualit\u00e9 de mat\u00e9riau, notamment lors du recyclage, le mat\u00e9riau \u00e9tant d\u00e9barrass\u00e9 des substances \u00e9trang\u00e8res (bois et plastique). Le d\u00e9bit d\u2019air peut \u00eatre r\u00e9gul\u00e9 avec pr\u00e9cision pour chaque mat\u00e9riau.<\/li>\n<\/ul>\n<p><img decoding=\"async\" class=\"alignnone size-medium wp-image-5013 lazyload\" data-src=\"https:\/\/letstransports.com\/wp-content\/uploads\/2025\/12\/IMG_3827-300x200.jpg\" alt width=\"300\" height=\"200\" data-srcset=\"https:\/\/letstransports.com\/wp-content\/uploads\/2025\/12\/IMG_3827-300x200.jpg 300w, https:\/\/letstransports.com\/wp-content\/uploads\/2025\/12\/IMG_3827-1024x682.jpg 1024w, https:\/\/letstransports.com\/wp-content\/uploads\/2025\/12\/IMG_3827-768x512.jpg 768w, https:\/\/letstransports.com\/wp-content\/uploads\/2025\/12\/IMG_3827-1536x1024.jpg 1536w, https:\/\/letstransports.com\/wp-content\/uploads\/2025\/12\/IMG_3827-900x600.jpg 900w, https:\/\/letstransports.com\/wp-content\/uploads\/2025\/12\/IMG_3827.jpg 2000w\" data-sizes=\"(max-width: 300px) 100vw, 300px\" src=\"data:image\/svg+xml;base64,PHN2ZyB3aWR0aD0iMSIgaGVpZ2h0PSIxIiB4bWxucz0iaHR0cDovL3d3dy53My5vcmcvMjAwMC9zdmciPjwvc3ZnPg==\" style=\"--smush-placeholder-width: 300px; --smush-placeholder-aspect-ratio: 300\/200;\"><\/p>\n<p>Le budget total de l\u2019op\u00e9ration est de 580 800\u20ac et le cofinancement de l\u2019Union Europ\u00e9enne s\u2019\u00e9l\u00e8ve \u00e0&nbsp;65%.<\/p>\n<p><img decoding=\"async\" class=\"alignnone size-full wp-image-4991 lazyload\" data-src=\"https:\/\/letstransports.com\/wp-content\/uploads\/2025\/11\/europe-banner-300px.png\" alt width=\"300\" height=\"56\" src=\"data:image\/svg+xml;base64,PHN2ZyB3aWR0aD0iMSIgaGVpZ2h0PSIxIiB4bWxucz0iaHR0cDovL3d3dy53My5vcmcvMjAwMC9zdmciPjwvc3ZnPg==\" style=\"--smush-placeholder-width: 300px; --smush-placeholder-aspect-ratio: 300\/56;\"><\/p>\n<div style=\"width: 1080px;\" class=\"wp-video\"><video class=\"wp-video-shortcode\" id=\"video-5004-1\" width=\"1080\" height=\"608\" preload=\"metadata\" controls=\"controls\"><source type=\"video\/mp4\" src=\"https:\/\/letstransports.com\/wp-content\/uploads\/2025\/12\/Concasseur-LETS.mp4?_=1\"><a href=\"https:\/\/letstransports.com\/wp-content\/uploads\/2025\/12\/Concasseur-LETS.mp4\">https:\/\/letstransports.com\/wp-content\/uploads\/2025\/12\/Concasseur-LETS.mp4<\/a><\/video><\/div>\n<\/div>\n<\/div>\n","protected":false},"excerpt":{"rendered":"<p>Acquisition d\u2019un concasseur b\u00e9ton et roche mi-dure cofinanc\u00e9 par l\u2019Union Europ\u00e9enne En 2025, LETS a&nbsp;investi, gr\u00e2ce au co-financement de l\u2019Union Europ\u00e9enne, dans une concasseur b\u00e9ton \u00e0&nbsp;percussion mobile. Cet engin dispose\u2026<\/p>\n","protected":false},"author":1,"featured_media":5006,"parent":0,"menu_order":0,"comment_status":"closed","ping_status":"closed","template":"","meta":{"wp_typography_post_enhancements_disabled":false,"_exactmetrics_skip_tracking":false,"_exactmetrics_sitenote_active":false,"_exactmetrics_sitenote_note":"","_exactmetrics_sitenote_category":0,"footnotes":""},"class_list":["post-5004","page","type-page","status-publish","has-post-thumbnail"],"yoast_head":"<!-- This site is optimized with the Yoast SEO plugin v27.3 - https:\/\/yoast.com\/product\/yoast-seo-wordpress\/ -->\n<title>Recyclage Beton - LETS Transports<\/title>\n<meta name=\"robots\" content=\"index, follow, max-snippet:-1, max-image-preview:large, max-video-preview:-1\" \/>\n<link rel=\"canonical\" href=\"https:\/\/letstransports.com\/index.php\/recyclage-beton\/\" \/>\n<meta property=\"og:locale\" content=\"fr_FR\" \/>\n<meta property=\"og:type\" content=\"article\" \/>\n<meta property=\"og:title\" content=\"Recyclage Beton - LETS Transports\" \/>\n<meta property=\"og:description\" content=\"Acquisition d\u2019un concasseur b\u00e9ton et roche mi-dure cofinanc\u00e9 par l\u2019Union Europ\u00e9enne En 2025, LETS a&nbsp;investi, gr\u00e2ce au co-financement de l\u2019Union Europ\u00e9enne, dans une concasseur b\u00e9ton \u00e0&nbsp;percussion mobile. Cet engin dispose...\" \/>\n<meta property=\"og:url\" content=\"https:\/\/letstransports.com\/index.php\/recyclage-beton\/\" \/>\n<meta property=\"og:site_name\" content=\"LETS Transports\" \/>\n<meta property=\"article:modified_time\" content=\"2025-12-02T13:50:19+00:00\" \/>\n<meta property=\"og:image\" content=\"https:\/\/letstransports.com\/wp-content\/uploads\/2025\/12\/IMG_3662.jpg\" \/>\n\t<meta property=\"og:image:width\" content=\"2000\" \/>\n\t<meta property=\"og:image:height\" content=\"1333\" \/>\n\t<meta property=\"og:image:type\" content=\"image\/jpeg\" \/>\n<meta name=\"twitter:card\" content=\"summary_large_image\" \/>\n<meta name=\"twitter:label1\" content=\"Dur\u00e9e de lecture estim\u00e9e\" \/>\n\t<meta name=\"twitter:data1\" content=\"3 minutes\" \/>\n<script type=\"application\/ld+json\" class=\"yoast-schema-graph\">{\"@context\":\"https:\\\/\\\/schema.org\",\"@graph\":[{\"@type\":\"WebPage\",\"@id\":\"https:\\\/\\\/letstransports.com\\\/index.php\\\/recyclage-beton\\\/\",\"url\":\"https:\\\/\\\/letstransports.com\\\/index.php\\\/recyclage-beton\\\/\",\"name\":\"Recyclage Beton - LETS Transports\",\"isPartOf\":{\"@id\":\"https:\\\/\\\/letstransports.com\\\/#website\"},\"primaryImageOfPage\":{\"@id\":\"https:\\\/\\\/letstransports.com\\\/index.php\\\/recyclage-beton\\\/#primaryimage\"},\"image\":{\"@id\":\"https:\\\/\\\/letstransports.com\\\/index.php\\\/recyclage-beton\\\/#primaryimage\"},\"thumbnailUrl\":\"https:\\\/\\\/letstransports.com\\\/wp-content\\\/uploads\\\/2025\\\/12\\\/IMG_3662.jpg\",\"datePublished\":\"2025-12-01T14:50:24+00:00\",\"dateModified\":\"2025-12-02T13:50:19+00:00\",\"breadcrumb\":{\"@id\":\"https:\\\/\\\/letstransports.com\\\/index.php\\\/recyclage-beton\\\/#breadcrumb\"},\"inLanguage\":\"fr-FR\",\"potentialAction\":[{\"@type\":\"ReadAction\",\"target\":[\"https:\\\/\\\/letstransports.com\\\/index.php\\\/recyclage-beton\\\/\"]}]},{\"@type\":\"ImageObject\",\"inLanguage\":\"fr-FR\",\"@id\":\"https:\\\/\\\/letstransports.com\\\/index.php\\\/recyclage-beton\\\/#primaryimage\",\"url\":\"https:\\\/\\\/letstransports.com\\\/wp-content\\\/uploads\\\/2025\\\/12\\\/IMG_3662.jpg\",\"contentUrl\":\"https:\\\/\\\/letstransports.com\\\/wp-content\\\/uploads\\\/2025\\\/12\\\/IMG_3662.jpg\",\"width\":2000,\"height\":1333,\"caption\":\"Concasseur \u00e0 b\u00e9ton mobile LETS cofinanc\u00e9 par les fonds europ\u00e9ens\"},{\"@type\":\"BreadcrumbList\",\"@id\":\"https:\\\/\\\/letstransports.com\\\/index.php\\\/recyclage-beton\\\/#breadcrumb\",\"itemListElement\":[{\"@type\":\"ListItem\",\"position\":1,\"name\":\"Accueil\",\"item\":\"https:\\\/\\\/letstransports.com\\\/\"},{\"@type\":\"ListItem\",\"position\":2,\"name\":\"Recyclage Beton\"}]},{\"@type\":\"WebSite\",\"@id\":\"https:\\\/\\\/letstransports.com\\\/#website\",\"url\":\"https:\\\/\\\/letstransports.com\\\/\",\"name\":\"LETS Transports\",\"description\":\"Equipement, transport &amp; service\",\"potentialAction\":[{\"@type\":\"SearchAction\",\"target\":{\"@type\":\"EntryPoint\",\"urlTemplate\":\"https:\\\/\\\/letstransports.com\\\/?s={search_term_string}\"},\"query-input\":{\"@type\":\"PropertyValueSpecification\",\"valueRequired\":true,\"valueName\":\"search_term_string\"}}],\"inLanguage\":\"fr-FR\"}]}<\/script>\n<!-- \/ Yoast SEO plugin. -->","yoast_head_json":{"title":"Recyclage Beton - LETS Transports","robots":{"index":"index","follow":"follow","max-snippet":"max-snippet:-1","max-image-preview":"max-image-preview:large","max-video-preview":"max-video-preview:-1"},"canonical":"https:\/\/letstransports.com\/index.php\/recyclage-beton\/","og_locale":"fr_FR","og_type":"article","og_title":"Recyclage Beton - LETS Transports","og_description":"Acquisition d\u2019un concasseur b\u00e9ton et roche mi-dure cofinanc\u00e9 par l\u2019Union Europ\u00e9enne En 2025, LETS a&nbsp;investi, gr\u00e2ce au co-financement de l\u2019Union Europ\u00e9enne, dans une concasseur b\u00e9ton \u00e0&nbsp;percussion mobile. Cet engin dispose...","og_url":"https:\/\/letstransports.com\/index.php\/recyclage-beton\/","og_site_name":"LETS Transports","article_modified_time":"2025-12-02T13:50:19+00:00","og_image":[{"width":2000,"height":1333,"url":"https:\/\/letstransports.com\/wp-content\/uploads\/2025\/12\/IMG_3662.jpg","type":"image\/jpeg"}],"twitter_card":"summary_large_image","twitter_misc":{"Dur\u00e9e de lecture estim\u00e9e":"3 minutes"},"schema":{"@context":"https:\/\/schema.org","@graph":[{"@type":"WebPage","@id":"https:\/\/letstransports.com\/index.php\/recyclage-beton\/","url":"https:\/\/letstransports.com\/index.php\/recyclage-beton\/","name":"Recyclage Beton - LETS Transports","isPartOf":{"@id":"https:\/\/letstransports.com\/#website"},"primaryImageOfPage":{"@id":"https:\/\/letstransports.com\/index.php\/recyclage-beton\/#primaryimage"},"image":{"@id":"https:\/\/letstransports.com\/index.php\/recyclage-beton\/#primaryimage"},"thumbnailUrl":"https:\/\/letstransports.com\/wp-content\/uploads\/2025\/12\/IMG_3662.jpg","datePublished":"2025-12-01T14:50:24+00:00","dateModified":"2025-12-02T13:50:19+00:00","breadcrumb":{"@id":"https:\/\/letstransports.com\/index.php\/recyclage-beton\/#breadcrumb"},"inLanguage":"fr-FR","potentialAction":[{"@type":"ReadAction","target":["https:\/\/letstransports.com\/index.php\/recyclage-beton\/"]}]},{"@type":"ImageObject","inLanguage":"fr-FR","@id":"https:\/\/letstransports.com\/index.php\/recyclage-beton\/#primaryimage","url":"https:\/\/letstransports.com\/wp-content\/uploads\/2025\/12\/IMG_3662.jpg","contentUrl":"https:\/\/letstransports.com\/wp-content\/uploads\/2025\/12\/IMG_3662.jpg","width":2000,"height":1333,"caption":"Concasseur \u00e0 b\u00e9ton mobile LETS cofinanc\u00e9 par les fonds europ\u00e9ens"},{"@type":"BreadcrumbList","@id":"https:\/\/letstransports.com\/index.php\/recyclage-beton\/#breadcrumb","itemListElement":[{"@type":"ListItem","position":1,"name":"Accueil","item":"https:\/\/letstransports.com\/"},{"@type":"ListItem","position":2,"name":"Recyclage Beton"}]},{"@type":"WebSite","@id":"https:\/\/letstransports.com\/#website","url":"https:\/\/letstransports.com\/","name":"LETS Transports","description":"Equipement, transport &amp; service","potentialAction":[{"@type":"SearchAction","target":{"@type":"EntryPoint","urlTemplate":"https:\/\/letstransports.com\/?s={search_term_string}"},"query-input":{"@type":"PropertyValueSpecification","valueRequired":true,"valueName":"search_term_string"}}],"inLanguage":"fr-FR"}]}},"_links":{"self":[{"href":"https:\/\/letstransports.com\/index.php\/wp-json\/wp\/v2\/pages\/5004","targetHints":{"allow":["GET"]}}],"collection":[{"href":"https:\/\/letstransports.com\/index.php\/wp-json\/wp\/v2\/pages"}],"about":[{"href":"https:\/\/letstransports.com\/index.php\/wp-json\/wp\/v2\/types\/page"}],"author":[{"embeddable":true,"href":"https:\/\/letstransports.com\/index.php\/wp-json\/wp\/v2\/users\/1"}],"replies":[{"embeddable":true,"href":"https:\/\/letstransports.com\/index.php\/wp-json\/wp\/v2\/comments?post=5004"}],"version-history":[{"count":6,"href":"https:\/\/letstransports.com\/index.php\/wp-json\/wp\/v2\/pages\/5004\/revisions"}],"predecessor-version":[{"id":5020,"href":"https:\/\/letstransports.com\/index.php\/wp-json\/wp\/v2\/pages\/5004\/revisions\/5020"}],"wp:featuredmedia":[{"embeddable":true,"href":"https:\/\/letstransports.com\/index.php\/wp-json\/wp\/v2\/media\/5006"}],"wp:attachment":[{"href":"https:\/\/letstransports.com\/index.php\/wp-json\/wp\/v2\/media?parent=5004"}],"curies":[{"name":"wp","href":"https:\/\/api.w.org\/{rel}","templated":true}]}}